{"id":2226,"date":"2023-09-14T08:58:31","date_gmt":"2023-09-14T08:58:31","guid":{"rendered":"https:\/\/www.3k-znacky.cz\/?page_id=2226"},"modified":"2024-01-26T10:37:34","modified_gmt":"2024-01-26T10:37:34","slug":"obchodni-podminky","status":"publish","type":"page","link":"https:\/\/www.3k-znacky.cz\/index.php\/obchodni-podminky\/","title":{"rendered":"Obchodn\u00ed podm\u00ednky"},"content":{"rendered":"<div class=\"fusion-fullwidth fullwidth-box fusion-builder-row-1 fusion-flex-container nonhundred-percent-fullwidth non-hundred-percent-height-scrolling\" style=\"--awb-border-radius-top-left:0px;--awb-border-radius-top-right:0px;--awb-border-radius-bottom-right:0px;--awb-border-radius-bottom-left:0px;--awb-flex-wrap:wrap;\" ><div class=\"fusion-builder-row fusion-row fusion-flex-align-items-flex-start fusion-flex-content-wrap\" style=\"max-width:calc( 1170px + 40px );margin-left: calc(-40px \/ 2 );margin-right: calc(-40px \/ 2 );\"><div class=\"fusion-layout-column fusion_builder_column fusion-builder-column-0 fusion_builder_column_1_1 1_1 fusion-flex-column\" style=\"--awb-bg-size:cover;--awb-width-large:100%;--awb-margin-top-large:0px;--awb-spacing-right-large:20px px;--awb-margin-bottom-large:0px;--awb-spacing-left-large:20px px;--awb-width-medium:100%;--awb-order-medium:0;--awb-spacing-right-medium:20px px;--awb-spacing-left-medium:20px px;--awb-width-small:100%;--awb-order-small:0;--awb-spacing-right-small:20px px;--awb-spacing-left-small:20px px;\"><div class=\"fusion-column-wrapper fusion-column-has-shadow fusion-flex-justify-content-flex-start fusion-content-layout-column\"><div class=\"fusion-text fusion-text-1\" style=\"--awb-margin-top:40px;--awb-margin-right:40px;\"><h2 style=\"text-align: center;\">OBCHODN\u00cd PODM\u00cdNKY SPOLE\u010cNOSTI 3K ZNA\u010cKY SRO<\/h2>\n<p style=\"text-align: center;\"><a href=\"https:\/\/www.3k-znacky.cz\/wp-content\/uploads\/2023\/08\/obchodni.pdf\" class=\"pdfemb-viewer\" style=\"\" data-width=\"max\" data-height=\"max\"  data-toolbar=\"bottom\" data-toolbar-fixed=\"off\">obchodni_podminky<br\/><\/a><\/p>\n<\/div><\/div><\/div><\/div><\/div>\n","protected":false},"excerpt":{"rendered":"","protected":false},"author":1,"featured_media":0,"parent":0,"menu_order":0,"comment_status":"closed","ping_status":"closed","template":"","meta":[],"yoast_head":"<!-- This site is optimized with the Yoast SEO plugin v21.1 - https:\/\/yoast.com\/wordpress\/plugins\/seo\/ -->\n<title>Obchodn\u00ed podm\u00ednky - 3K zna\u010dky s.r.o.<\/title>\n<meta name=\"robots\" content=\"index, follow, max-snippet:-1, max-image-preview:large, max-video-preview:-1\" \/>\n<link rel=\"canonical\" href=\"https:\/\/www.3k-znacky.cz\/index.php\/obchodni-podminky\/\" \/>\n<meta property=\"og:locale\" content=\"cs_CZ\" \/>\n<meta property=\"og:type\" content=\"article\" \/>\n<meta property=\"og:title\" content=\"Obchodn\u00ed podm\u00ednky - 3K zna\u010dky s.r.o.\" \/>\n<meta property=\"og:url\" content=\"https:\/\/www.3k-znacky.cz\/index.php\/obchodni-podminky\/\" \/>\n<meta property=\"og:site_name\" content=\"3K zna\u010dky s.r.o.\" \/>\n<meta property=\"article:publisher\" content=\"http:\/\/facebook.com\/3kznacky\" \/>\n<meta property=\"article:modified_time\" content=\"2024-01-26T10:37:34+00:00\" \/>\n<meta property=\"og:image\" content=\"https:\/\/www.3k-znacky.cz\/wp-content\/uploads\/2021\/06\/Logo-3kznacky_velke.png\" \/>\n\t<meta property=\"og:image:width\" content=\"671\" \/>\n\t<meta property=\"og:image:height\" content=\"361\" \/>\n\t<meta property=\"og:image:type\" content=\"image\/png\" \/>\n<meta name=\"twitter:card\" content=\"summary_large_image\" \/>\n<meta name=\"twitter:label1\" content=\"Odhadovan\u00e1 doba \u010dten\u00ed\" \/>\n\t<meta name=\"twitter:data1\" content=\"2 minuty\" \/>\n<script type=\"application\/ld+json\" class=\"yoast-schema-graph\">{\"@context\":\"https:\/\/schema.org\",\"@graph\":[{\"@type\":\"WebPage\",\"@id\":\"https:\/\/www.3k-znacky.cz\/index.php\/obchodni-podminky\/\",\"url\":\"https:\/\/www.3k-znacky.cz\/index.php\/obchodni-podminky\/\",\"name\":\"Obchodn\u00ed podm\u00ednky - 3K zna\u010dky s.r.o.\",\"isPartOf\":{\"@id\":\"https:\/\/www.3k-znacky.cz\/#website\"},\"datePublished\":\"2023-09-14T08:58:31+00:00\",\"dateModified\":\"2024-01-26T10:37:34+00:00\",\"breadcrumb\":{\"@id\":\"https:\/\/www.3k-znacky.cz\/index.php\/obchodni-podminky\/#breadcrumb\"},\"inLanguage\":\"cs\",\"potentialAction\":[{\"@type\":\"ReadAction\",\"target\":[\"https:\/\/www.3k-znacky.cz\/index.php\/obchodni-podminky\/\"]}]},{\"@type\":\"BreadcrumbList\",\"@id\":\"https:\/\/www.3k-znacky.cz\/index.php\/obchodni-podminky\/#breadcrumb\",\"itemListElement\":[{\"@type\":\"ListItem\",\"position\":1,\"name\":\"Dom\u016f\",\"item\":\"https:\/\/www.3k-znacky.cz\/\"},{\"@type\":\"ListItem\",\"position\":2,\"name\":\"Obchodn\u00ed podm\u00ednky\"}]},{\"@type\":\"WebSite\",\"@id\":\"https:\/\/www.3k-znacky.cz\/#website\",\"url\":\"https:\/\/www.3k-znacky.cz\/\",\"name\":\"3K zna\u010dky s.r.o.\",\"description\":\"D\u011bl\u00e1me silnice bezpe\u010dn\u011bj\u0161\u00ed\",\"publisher\":{\"@id\":\"https:\/\/www.3k-znacky.cz\/#organization\"},\"alternateName\":\"3K zna\u010dky\",\"potentialAction\":[{\"@type\":\"SearchAction\",\"target\":{\"@type\":\"EntryPoint\",\"urlTemplate\":\"https:\/\/www.3k-znacky.cz\/?s={search_term_string}\"},\"query-input\":\"required name=search_term_string\"}],\"inLanguage\":\"cs\"},{\"@type\":\"Organization\",\"@id\":\"https:\/\/www.3k-znacky.cz\/#organization\",\"name\":\"3k zna\u010dky s.r.o.\",\"url\":\"https:\/\/www.3k-znacky.cz\/\",\"logo\":{\"@type\":\"ImageObject\",\"inLanguage\":\"cs\",\"@id\":\"https:\/\/www.3k-znacky.cz\/#\/schema\/logo\/image\/\",\"url\":\"https:\/\/www.3k-znacky.cz\/wp-content\/uploads\/2021\/06\/Logo-3kznacky_velke.png\",\"contentUrl\":\"https:\/\/www.3k-znacky.cz\/wp-content\/uploads\/2021\/06\/Logo-3kznacky_velke.png\",\"width\":671,\"height\":361,\"caption\":\"3k zna\u010dky s.r.o.\"},\"image\":{\"@id\":\"https:\/\/www.3k-znacky.cz\/#\/schema\/logo\/image\/\"},\"sameAs\":[\"http:\/\/facebook.com\/3kznacky\"]}]}<\/script>\n<!-- \/ Yoast SEO plugin. -->","yoast_head_json":{"title":"Obchodn\u00ed podm\u00ednky - 3K zna\u010dky s.r.o.","robots":{"index":"index","follow":"follow","max-snippet":"max-snippet:-1","max-image-preview":"max-image-preview:large","max-video-preview":"max-video-preview:-1"},"canonical":"https:\/\/www.3k-znacky.cz\/index.php\/obchodni-podminky\/","og_locale":"cs_CZ","og_type":"article","og_title":"Obchodn\u00ed podm\u00ednky - 3K zna\u010dky s.r.o.","og_url":"https:\/\/www.3k-znacky.cz\/index.php\/obchodni-podminky\/","og_site_name":"3K zna\u010dky s.r.o.","article_publisher":"http:\/\/facebook.com\/3kznacky","article_modified_time":"2024-01-26T10:37:34+00:00","og_image":[{"width":671,"height":361,"url":"https:\/\/www.3k-znacky.cz\/wp-content\/uploads\/2021\/06\/Logo-3kznacky_velke.png","type":"image\/png"}],"twitter_card":"summary_large_image","twitter_misc":{"Odhadovan\u00e1 doba \u010dten\u00ed":"2 minuty"},"schema":{"@context":"https:\/\/schema.org","@graph":[{"@type":"WebPage","@id":"https:\/\/www.3k-znacky.cz\/index.php\/obchodni-podminky\/","url":"https:\/\/www.3k-znacky.cz\/index.php\/obchodni-podminky\/","name":"Obchodn\u00ed podm\u00ednky - 3K zna\u010dky s.r.o.","isPartOf":{"@id":"https:\/\/www.3k-znacky.cz\/#website"},"datePublished":"2023-09-14T08:58:31+00:00","dateModified":"2024-01-26T10:37:34+00:00","breadcrumb":{"@id":"https:\/\/www.3k-znacky.cz\/index.php\/obchodni-podminky\/#breadcrumb"},"inLanguage":"cs","potentialAction":[{"@type":"ReadAction","target":["https:\/\/www.3k-znacky.cz\/index.php\/obchodni-podminky\/"]}]},{"@type":"BreadcrumbList","@id":"https:\/\/www.3k-znacky.cz\/index.php\/obchodni-podminky\/#breadcrumb","itemListElement":[{"@type":"ListItem","position":1,"name":"Dom\u016f","item":"https:\/\/www.3k-znacky.cz\/"},{"@type":"ListItem","position":2,"name":"Obchodn\u00ed podm\u00ednky"}]},{"@type":"WebSite","@id":"https:\/\/www.3k-znacky.cz\/#website","url":"https:\/\/www.3k-znacky.cz\/","name":"3K zna\u010dky s.r.o.","description":"D\u011bl\u00e1me silnice bezpe\u010dn\u011bj\u0161\u00ed","publisher":{"@id":"https:\/\/www.3k-znacky.cz\/#organization"},"alternateName":"3K zna\u010dky","potentialAction":[{"@type":"SearchAction","target":{"@type":"EntryPoint","urlTemplate":"https:\/\/www.3k-znacky.cz\/?s={search_term_string}"},"query-input":"required name=search_term_string"}],"inLanguage":"cs"},{"@type":"Organization","@id":"https:\/\/www.3k-znacky.cz\/#organization","name":"3k zna\u010dky s.r.o.","url":"https:\/\/www.3k-znacky.cz\/","logo":{"@type":"ImageObject","inLanguage":"cs","@id":"https:\/\/www.3k-znacky.cz\/#\/schema\/logo\/image\/","url":"https:\/\/www.3k-znacky.cz\/wp-content\/uploads\/2021\/06\/Logo-3kznacky_velke.png","contentUrl":"https:\/\/www.3k-znacky.cz\/wp-content\/uploads\/2021\/06\/Logo-3kznacky_velke.png","width":671,"height":361,"caption":"3k zna\u010dky s.r.o."},"image":{"@id":"https:\/\/www.3k-znacky.cz\/#\/schema\/logo\/image\/"},"sameAs":["http:\/\/facebook.com\/3kznacky"]}]}},"_links":{"self":[{"href":"https:\/\/www.3k-znacky.cz\/index.php\/wp-json\/wp\/v2\/pages\/2226"}],"collection":[{"href":"https:\/\/www.3k-znacky.cz\/index.php\/wp-json\/wp\/v2\/pages"}],"about":[{"href":"https:\/\/www.3k-znacky.cz\/index.php\/wp-json\/wp\/v2\/types\/page"}],"author":[{"embeddable":true,"href":"https:\/\/www.3k-znacky.cz\/index.php\/wp-json\/wp\/v2\/users\/1"}],"replies":[{"embeddable":true,"href":"https:\/\/www.3k-znacky.cz\/index.php\/wp-json\/wp\/v2\/comments?post=2226"}],"version-history":[{"count":5,"href":"https:\/\/www.3k-znacky.cz\/index.php\/wp-json\/wp\/v2\/pages\/2226\/revisions"}],"predecessor-version":[{"id":2233,"href":"https:\/\/www.3k-znacky.cz\/index.php\/wp-json\/wp\/v2\/pages\/2226\/revisions\/2233"}],"wp:attachment":[{"href":"https:\/\/www.3k-znacky.cz\/index.php\/wp-json\/wp\/v2\/media?parent=2226"}],"curies":[{"name":"wp","href":"https:\/\/api.w.org\/{rel}","templated":true}]}}